 and 506.
506
What is the highest common divisor of 85201620 and 42?
42
Calculate the greatest common factor of 44 and 75275893.
11
Calculate the greatest common divisor of 39858 and 3156666.
438
What is the greatest common factor of 1110 and 366855?
555
What is the greatest common divisor of 6394 and 165623782?
6394
Calculate the greatest common divisor of 687956 and 2.
2
Calculate the greatest common factor of 250538678 and 78.
26
What is the highest common divisor of 32103 and 7682013?
783
What is the greatest common divisor of 180609498 and 3006?
3006
What is the greatest common divisor of 36760 and 22312?
8
Calculate the highest common factor of 6518189 and 386.
193
What is the greatest common factor of 103895 and 11660?
55
What is the highest common divisor of 1938098145 and 465?
465
Calculate the highest common factor of 35242895 and 15.
5
What is the greatest common divisor of 256677 and 1949979?
3831
What is the highest common divisor of 328 and 17448862?
82
What is the greatest common divisor of 108126551 and 39?
13
Calculate the greatest common divisor of 63233044 and 196.
28
What is the greatest common factor of 8235548 and 5916?
68
What is the greatest common factor of 10683 and 361504411?
1187
What is the highest common divisor of 332 and 125860868?
332
Calculate the highest common divisor of 26226 and 26923903.
1457
What is the highest common factor of 208367 and 7?
1
What is the highest common factor of 27567756 and 516?
12
What is the greatest common divisor of 1893 and 216390723?
1893
Calculate the greatest common factor of 4763152 and 1024.
16
What is the highest common factor of 902176 and 12130912?
7456
Calculate the greatest common divisor of 1361473 and 11647.
613
Calculate the highest common divisor of 1093853 and 18657.
691
What is the greatest common factor of 3188218 and 352?
22
What is the highest common divisor of 8940 and 18749415?
2235
Calculate the highest common divisor of 94554264 and 4233.
249
What is the greatest common divisor of 1419 and 66868483?
473
What is the highest common factor of 18980261 and 1514?
757
What is the highest common divisor of 28797108 and 60?
12
Calculate the greatest common factor of 3553 and 199440923.
187
What is the greatest common factor of 53091539 and 2341?
2341
What is the highest common divisor of 592 and 1106720?
16
Calculate the highest common factor of 4 and 50546194.
2
What is the highest common factor of 259296540 and 3480?
1740
Calculate the highest common factor of 278679 and 21.
3
What is the highest common factor of 361272 and 167193671?
15053
Calculate the highest common divisor of 1148317 and 1121.
59
What is the highest common divisor of 616 and 23853368?
616
What is the greatest common factor of 616980195 and 585?
585
Calculate the highest common factor of 35 and 194894.
7
What is the highest common divisor of 23152368 and 1734?
1734
Calculate the highest common divisor of 2114359 and 169.
169
What is the highest common factor of 121505507 and 73?
73
Calculate the highest common factor of 144 and 194958.
18
Calculate the greatest common factor of 90972080 and 8.
8
Calculate the greatest common divisor of 311686760 and 9240.
3080
What is the greatest common divisor of 76 and 127675896?
76
What is the highest common divisor of 3312481 and 724?
181
Calculate the greatest common divisor of 306013 and 8978362.
2971
Calculate the greatest common divisor of 833 and 13583.
17
Calculate the highest common divisor of 4160926 and 1276.
22
What is the greatest common divisor of 891 and 2132713?
11
Calculate the highest common divisor of 112 and 226562.
14
Calculate the greatest common divisor of 16 and 583167056.
16
Calculate the highest common factor of 1 and 34387385.
1
Calculate the highest common factor of 141402756 and 12.
12
What is the greatest common factor of 9837306 and 93258?
2826
Calculate the highest common divisor of 1635876 and 4301.
187
Calculate the greatest common factor of 8 and 22925080.
8
Calculate the greatest common factor of 200250 and 7688710.
890
What is the greatest common divisor of 11726440 and 41470?
3190
Calculate the highest common divisor of 1912260 and 372855.
105
What is the highest common divisor of 866709 and 423361?
1817
Calculate the highest common divisor of 15947796 and 870.
174
Calculate the greatest common divisor of 492 and 2023473.
123
Calculate the highest common divisor of 38184911 and 955.
191
Calculate the greatest common factor of 94 and 52540078.
94
What is the highest common divisor of 12276708 and 47724?
1164
Calculate the highest common divisor of 1481 and 284818.
1
Calculate the greatest common divisor of 794790865 and 55.
55
Calculate the greatest common divisor of 28 and 108673222.
14
What is the greatest common factor of 154 and 30850666?
154
What is the highest common divisor of 1776 and 57384114?
222
What is the greatest common factor of 3385259 and 17887?
577
Calculate the greatest common divisor of 135 and 61883847.
9
Calculate the highest common factor of 618551208 and 27.
27
What is the greatest common divisor of 128 and 24948480?
128
What is the highest common factor of 2937 and 2853696?
267
Calculate the greatest common divisor of 2656 and 4110656.
32
What is the highest common factor of 78 and 1320028476?
78
What is the greatest common divisor of 21742 and 34470388?
3106
What is the greatest common factor of 5322 and 2716881?
2661
Calculate the highest common divisor of 314874 and 6534.
54
What is the greatest common factor of 3321035 and 391?
17
What is the greatest common divisor of 51986879 and 203?
203
Calculate the greatest common factor of 1133 and 205459353.
1133
Calculate the highest common divisor of 21883 and 3841375.
79
What is the highest common divisor of 34332 and 27600?
12
What is the highest common divisor of 46632689 and 2612?
653
What is the greatest common factor of 287264 and 44312?
1528
What is the highest common factor of 1337809 and 3781437?
7733
What is the highest common divisor of 8368 and 389241704?
4184
What is the greatest common factor of 72988 and 5019724?
1028
What is the greatest common divisor of 23175 and 30325?
25
Calculate the highest common factor of 6294105 and 3240.
405
What is the greatest common divisor of 22239 and 3249?
9
Calculate the highest common factor of 2401 and 5816937.
343
Calculate the greatest common divisor of 88 and 4035196.
44
What is the highest common divisor of 203541 and 82875?
663
Calculate the greatest common factor of 4956633 and 363.
33
Calculate the highest common divisor of 103571 and 96375.
257
What is the greatest common factor of 39819 and 118871967?
3063
Calculate the greatest common divisor of 3161508 and 1464.
732
What is the greatest common divisor of 224268 and 37158?
66
Calculate the greatest common factor of 540158 and 374.
34
Calculate the highest common divisor of 6508124 and 28.
28
Calculate the highest common factor of 683785935 and 12005.
1715
What is the highest common factor of 335 and 47471041?
67
What is the greatest common factor of 46695925 and 44075?
1025
Calculate the greatest common divisor of 12425 and 144343.
71
What is the greatest common factor of 165282 and 18759?
507
Calculate the greatest common divisor of 20174224 and 7.
7
Calculate the highest common divisor of 194850518 and 998.
998
Calculate the highest common divisor of 212544 and 1395.
9
Calculate the greatest common divisor of 1183910 and 2470.
130
Calculate the greatest common divisor of 3669022 and 6027.
49
What is the highest common divisor of 16832 and 200896?
64
Calculate the highest common divisor of 604380 and 7196.
28
What is the highest common divisor of 25 and 118100750?
25
What is the greatest common divisor of 5608 and 7713103?
701
What is the highest common divisor of 83905 and 18721?
97
What is the greatest common divisor of 1476 and 67740528?
492
Calculate the highest common divisor of 760786 and 1392.
58
What is the greatest common divisor of 7 and 5016431?
7
Calculate the greatest common factor of 42772 and 1666.
34
Calculate the greatest common divisor of 115642131 and 99693.
1749
Calculate the highest common divisor of 5220 and 18.
18
What is the greatest common divisor of 98 and 92592899?
49
Calculate the highest common factor of 